31 - -95. Suppose -5*x + z = -d, -4*z - 3 = 1. What is the remainder when x is divided by 16?
13
Suppose 40 = -2*f - 3*f - 5*k, 5*k - 8 = 3*f. Suppose -4*b - 5 = -197. Calculate the remainder when b is divided by (-105)/f - (-2)/(-4).
14
Suppose -2*o = 17*j - 19*j + 4, -5*j - 5*o + 30 = 0. Calculate the remainder when 37 is divided by j.
1
Let i(b) = -14 + 2*b**3 + 15*b + 0*b**3 - 11*b**2 - b**2 - b**3. Calculate the remainder when 118 is divided by i(11).
28
Calculate the remainder when ((-442)/(-78))/((-4)/(-3) - 1) is divided by 4.
1
Let b = -209 - -228. Calculate the remainder when 32 is divided by b.
13
Suppose r + 4 = 0, 4*t - 6*t - 3*r + 856 = 0. What is the remainder when t is divided by 73?
69
Suppose -4*v = 5*v + 180. What is the remainder when (2/4)/((-1)/(-172)) is divided by (v/3 - -4)*(-33)/4?
20
Let d(f) = -5*f + 44. Calculate the remainder when 103 is divided by d(0).
15
Suppose -10*l - 1311 = -33*l. Calculate the remainder when l is divided by 47.
10
Let i(v) = -3*v**3 - v**2 + 2*v + 2. Let j be -2 + ((-8)/(-2) - -19). Calculate the remainder when (-4)/(-14) - (-729)/j is divided by i(-2).
17
Suppose 5*s + 2*v - 210 = 0, 69 = s - v + 20. What is the remainder when s is divided by 5?
4
Let n = -252 - -276. Calculate the remainder when 215 is divided by n.
23
Suppose 2*b = b + 7. Suppose -4*r - 30 = -3*z, 4*z - 40 = -b*r + 2*r. Calculate the remainder when 13 is divided by 228/30 - 6/z.
6
Let k be (-5)/(-2) - 6/(-12). Suppose 10 = k*b - 11. Calculate the remainder when 17 is divided by 51/b + (-12)/42.
3
What is the remainder when 159 is divided by -5 - (6/(-21) - 82/7)?
5
Let n be 879/7 - 32/56. Suppose 6*b - 175 - n = 0. Calculate the remainder when b is divided by 27.
23
Let n = 16 + -6. Suppose 5*s + n + 15 = 0. What is the remainder when 11 is divided by (-37)/s + (-18)/45?
4
Let g(k) = 4*k + 133. Suppose 0 = -i + 2*f - 0*f + 9, 4*f = i - 13. What is the remainder when g(-29) is divided by i?
2
Let x = -299 + 628. Suppose 2*w + 174 = 3*h - w, -4*h - 5*w + 205 = 0. Calculate the remainder when x is divided by h.
54
Let f = 5 + 13. Suppose -q + 120 = 7*q. What is the remainder when f is divided by q?
3
Let x(p) = -4*p + 1. Let j be x(-6). Suppose -3*v - 2*a = -a - 20, -4*v - 3*a + j = 0. Let c = 19 + -1. What is the remainder when c is divided by v?
4
Let d(i) = 10*i - 50. Calculate the remainder when 79 is divided by d(6).
9
Let x = 741 - 718. Calculate the remainder when 70 is divided by x.
1
Let k(h) = 4*h**2 - 1. Let g(z) = -9*z**2 - z + 1. Let t(a) = -3*g(a) - 7*k(a). Suppose -6*p + 68 = 14. Calculate the remainder when p is divided by t(3).
1
Suppose 2*f - 20 = -4*w, -7*w + 56 = 5*f - 3*w. What is the remainder when 69 is divided by f?
9
Suppose 0 = 19*n - 516 + 193. What is the remainder when 42 is divided by n?
8
Calculate the remainder when 695 is divided by 17/(136/192) + 28/(-4).
15
What is the remainder when 61 is divided by (27 - (4 - 0)) + -7?
13
Suppose 0 = 2*k - 4 - 78. Let z = -26 + k. What is the remainder when 58 is divided by z?
13
What is the remainder when 1947 is divided by 429/231*(-2 - -9)?
10
Let y = 138 - 9. What is the remainder when y is divided by 34?
27
Suppose 5*w = 2*x + 11, w + 3*x = -0*w - 8. What is the remainder when 47 is divided by 16 - (w + (-4 - -3))?
15
Let d = -24 + 29. Suppose 50 + 10 = d*k. Calculate the remainder when k is divided by 5.
2
Let w = -1 + 5. Suppose -3*t + w*l + 15 = 0, 2*l + 5 = 2*t + l. What is the remainder when 3 is divided by t?
0
Let a(h) = 2*h**2 + 12*h + 1. Let z(i) = -4*i**2 + 136*i + 64. What is the remainder when z(33) is divided by a(-8)?
31
Let u be 2/(-1) + (16 - 10). Suppose z + 12 = u*d + 114, 426 = 5*z + d. Calculate the remainder when z is divided by 8.
6
Let g(f) = f**3 - f**2 + 18. Let z = -96 + 5. Let j = -84 - z. What is the remainder when g(0) is divided by j?
4
Suppose 27 = s + 4*w, -3*s - 2*w = -7*s + 144. Let h = 24 + -15. Calculate the remainder when s is divided by h.
8
Let f(g) = -2*g**2 - 52*g + 946. What is the remainder when f(-37) is divided by (3 + -2)*(27 + 0)?
24
Let x(r) = r**3 - 29*r**2 + 138*r + 3. Let l be x(23). Let p = -1 + 2. Suppose l*y = p + 17. Calculate the remainder when y is divided by 2.
0
Let o = 86 + -66. Suppose -3*g = -5*g + o. What is the remainder when g is divided by 8?
2
Suppose -t + 16 = -24. Let z = t - 14. Let d(x) = 15*x + 2. Calculate the remainder when d(5) is divided by z.
25
Suppose 0 = -2*a + 36 - 30. What is the remainder when a is divided by (4/(-5))/((-10)/25)?
1
Let m be -15 + 22 + 0 + 2. Let i = m + 8. Let c = 5 - -5. Calculate the remainder when i is divided by c.
7
Let b = -17 + 55. What is the remainder when 606 is divided by b?
36
Suppose 2*k - 15 = -k. Suppose -39*b = -48*b + 27. Calculate the remainder when k is divided by b.
2
Let v be 16/(-12)*-6 + -3. Suppose v*a + c - 11 - 222 = 0, -3*a - 5*c = -153. What is the remainder when a is divided by 12?
10
Let j(c) = 3 - 4*c - 3 - 7. Suppose 0 = -5*m - 5*o - 20, 13 + 47 = -5*m + 5*o. What is the remainder when j(m) is divided by 7?
4
Suppose -92 = -4*h - i, 4*h - 6*i = -11*i + 92. Let y(r) = -3*r - 2. What is the remainder when h is divided by y(-2)?
3
Let v(w) = w**2 - 4*w - 504. Calculate the remainder when 26 is divided by v(-21).
5
Suppose 0 = -39*c + 23*c + 2032. What is the remainder when c is divided by 47?
33
Let k = 1063 + -834. What is the remainder when k is divided by 63?
40
Suppose 1342*z - 1346*z + 44 = 0. What is the remainder when z is divided by 5 - ((-4 - -1) + 1)?
4
Suppose -2*l = 3*c - 15, 3*l = 5*c - 6 - 0. Suppose -2*u + 4*u + 2*m + 14 = 0, -2*m - 11 = u. Calculate the remainder when (-25)/u - 2/(-3) is divided by l.
0
Suppose -3*r - 25 = 11. Let n = r + 23. Suppose -2*l + 21 = -39. Calculate the remainder when l is divided by n.
8
Suppose 3*m - 19 = -2*y, 0 = -5*m - 5*y + 15 + 25. Suppose m*a - 102 = -0*a. Suppose 1417*t = 1410*t + 63. Calculate the remainder when a is divided by t.
7
Suppose 5*y - 8 - 7 = 4*c, -4*c + 55 = 5*y. Calculate the remainder when 24 is divided by 5 + 1 + -4 + y.
6
Suppose 4*j - 68 = -b, -b - 40 = 5*j - 7*j. What is the remainder when 358 is divided by j?
16
Suppose -21 = -2*y - 3. Let s = -246 - -272. Calculate the remainder when s is divided by y.
8
Let d = 50 + -36. Suppose 3*j = -j + 220. Calculate the remainder when j is divided by d.
13
Suppose -2*l - h + 432 + 74 = 0, -3*l - h + 757 = 0. What is the remainder when l is divided by 38?
23
Suppose 3*m - 4*f - 17 = -0*f, f + 2 = 0. Let w(x) = 11*x + 1 - 1. What is the remainder when w(m) is divided by 18?
15
Suppose 5*b - 28 = -3. Suppose 297 = 5*g + b*v + 22, 5*g + v - 283 = 0. What is the remainder when g is divided by (55/22)/(2/24)?
27
Let a(c) = -c**2 + 2*c + 4. Let u be a(4). Let v(s) = -3 + 0 + 0*s + 1 - s. Calculate the remainder when 3 is divided by v(u).
1
Let a be (-8)/4 - -7*2. Suppose 0 = z + z + a. Let s = z + 11. What is the remainder when 13 is divided by s?
3
Suppose -2*m = 3*m - 15. Suppose -5*l - o = -3*o - 35, 60 = 5*l + m*o. Let y(t) = -5*t. What is the remainder when y(-7) is divided by l?
8
Suppose 0*k = -3*s - 4*k + 136, 5*s - 4*k - 216 = 0. Calculate the remainder when s is divided by 9.
8
What is the remainder when 237 is divided by 33 - (4/(-10) + 1330/(-175))?
32
Let w(k) = 32*k**3 + 1. Let o be (-2)/(3 - 5) + 4. Suppose -3*i - x + 6 = -0*i, -20 = -o*i - 5*x. What is the remainder when w(i) is divided by 12?
9
Let n(j) = -5*j + 3. Let g be n(9). Let d = 46 + g. What is the remainder when 14 is divided by d?
2
Let q = -1185 - -1202. What is the remainder when 78 is divided by q?
10
Suppose -9*a + 18 = -0*a. Suppose a*m - 118 = 116. What is the remainder when m is divided by 20?
17
Let b = 41 + -39. Calculate the remainder when (6 - (b - 0)) + 49 is divided by 27.
26
Let m = 21 - 19. Suppose 3*t - 41 = -m*u, 4*t + 4*u - 47 = 9. What is the remainder when 62 is divided by t?
10
Let h(x) be the third derivative of 7*x**6/120 - x**3/6 - x**2. Let j(o) = o**2 - 16*o + 16. Let a be j(15). Calculate the remainder when 16 is divided by h(a).
4
Suppose -724 = -15*m + 2381. Calculate the remainder when m is divided by 70.
67
What is the remainder when 244 is divided by 1 + (-60)/(2 - (-7)/(-2))?
39
What is the remainder w